the greatest common factor of 1364 and 27999004?
44
What is the greatest common divisor of 1015972 and 12?
4
What is the highest common divisor of 125718 and 189681?
69
What is the highest common divisor of 1472 and 37732696?
184
What is the highest common divisor of 308 and 283855110?
154
What is the highest common factor of 5296095 and 88389?
1449
Calculate the greatest common factor of 28660 and 5188.
4
What is the highest common divisor of 24 and 103991892?
12
What is the highest common factor of 323550 and 234?
18
What is the highest common factor of 111124728 and 24768?
3096
Calculate the greatest common factor of 3103 and 3022108.
107
What is the highest common factor of 64905045 and 570?
285
What is the highest common factor of 114723021 and 51?
51
What is the highest common factor of 720 and 8735616?
144
Calculate the greatest common divisor of 184 and 1115683034.
46
Calculate the greatest common divisor of 21758 and 888122.
1978
Calculate the greatest common factor of 16834 and 383059.
19
Calculate the greatest common factor of 793 and 1449787.
61
What is the greatest common factor of 452697 and 105?
21
Calculate the highest common divisor of 287098595 and 20188.
5047
What is the highest common divisor of 151585 and 7492275?
2485
Calculate the greatest common factor of 236180 and 315.
35
Calculate the highest common divisor of 1340 and 309020.
20
What is the greatest common divisor of 158804350 and 305?
305
Calculate the greatest common factor of 40 and 89099860.
20
Calculate the greatest common divisor of 18 and 915546.
6
Calculate the highest common factor of 5519065 and 2557465.
3085
What is the greatest common divisor of 9567082 and 32382?
3598
Calculate the highest common divisor of 8304520 and 20293.
1561
What is the highest common divisor of 15215 and 120105?
85
Calculate the highest common divisor of 59 and 749273391.
59
What is the highest common divisor of 57942 and 160428?
174
What is the highest common factor of 1059372 and 42228?
1836
What is the highest common factor of 17 and 624529?
17
Calculate the greatest common divisor of 825 and 13263225.
75
What is the highest common divisor of 10743525 and 84825?
2925
What is the greatest common divisor of 264500 and 259256?
92
What is the highest common divisor of 472 and 1557492856?
472
What is the greatest common factor of 10325689 and 253?
253
What is the highest common factor of 110260800 and 126?
18
Calculate the greatest common factor of 668 and 135806404.
668
Calculate the greatest common factor of 49 and 12906425.
7
Calculate the highest common factor of 6377056 and 95648.
1568
Calculate the greatest common factor of 140012 and 265043.
71
Calculate the highest common divisor of 87 and 94816892.
29
What is the greatest common divisor of 370292481 and 117?
117
What is the highest common divisor of 9880 and 5393440?
520
What is the greatest common divisor of 606472 and 720616?
328
Calculate the greatest common divisor of 26854668 and 794.
794
What is the highest common divisor of 316717885 and 1970?
985
What is the highest common divisor of 8260982 and 73620?
818
What is the highest common divisor of 577912 and 159471?
1363
Calculate the greatest common divisor of 139809807 and 2916.
729
What is the highest common factor of 462435 and 1005?
15
What is the greatest common factor of 197157350 and 23850?
2650
Calculate the highest common divisor of 44620869 and 3.
3
What is the greatest common divisor of 60 and 52216155?
15
Calculate the highest common factor of 692270 and 1837322.
3742
Calculate the highest common divisor of 630 and 1579661685.
315
What is the highest common divisor of 23275 and 1473773?
931
Calculate the highest common factor of 1003 and 1189971.
59
What is the greatest common divisor of 202375 and 424178?
1619
What is the highest common divisor of 183416 and 1417131?
101
What is the greatest common factor of 684 and 10965375?
171
Calculate the highest common divisor of 65604 and 1949556.
84
What is the greatest common factor of 5696 and 235405?
89
Calculate the greatest common divisor of 17070 and 415828614.
3414
Calculate the highest common divisor of 220672 and 772783.
431
What is the highest common factor of 48 and 27925104?
48
What is the highest common divisor of 70 and 20252960?
70
What is the highest common factor of 2685 and 3261474870?
2685
Calculate the greatest common factor of 482032456 and 424.
424
Calculate the greatest common divisor of 185 and 1625780.
185
What is the highest common divisor of 2076691 and 82?
41
Calculate the highest common factor of 139327 and 1159.
19
What is the greatest common factor of 664160 and 8120?
280
What is the greatest common divisor of 44640 and 40165920?
1440
Calculate the greatest common factor of 25669 and 4088.
7
What is the greatest common factor of 8325 and 1242840?
15
What is the greatest common factor of 1419915 and 1365?
105
What is the highest common factor of 18594 and 113291176?
2066
Calculate the highest common factor of 1754928 and 324.
36
Calculate the greatest common divisor of 5810330 and 1116.
62
Calculate the highest common factor of 1302576 and 429.
33
What is the greatest common divisor of 35683 and 117487?
17
What is the highest common factor of 7248892 and 1813?
259
Calculate the greatest common divisor of 6183 and 12389463.
27
What is the greatest common factor of 54 and 12728088?
18
What is the highest common factor of 10 and 234790685?
5
Calculate the greatest common divisor of 68 and 800159468.
68
What is the highest common divisor of 54 and 198063198?
54
What is the highest common divisor of 1558258 and 117?
13
Calculate the greatest common factor of 24840 and 9745146.
414
What is the greatest common divisor of 448103 and 134860?
613
What is the greatest common divisor of 712092312 and 1337?
191
What is the highest common factor of 645935180 and 110?
110
What is the highest common factor of 115959113 and 577?
577
What is the highest common factor of 2040127 and 37027?
607
Calculate the greatest common factor of 1940296 and 3344520.
4744
Calculate the highest common factor of 80 and 6388784.
16
Calculate the highest common divisor of 108 and 49070598.
6
What is the highest common divisor of 6352312 and 1752?
8
Calculate the highest common divisor of 74685 and 1288795.
1915
What is the highest common divisor of 124362 and 80981?
47
Calculate the highest common factor of 18162157 and 598.
299
Calculate the highest common factor of 19308 and 6149713848.
19308
Calculate the highest common divisor of 6208 and 17176372.
388
What is the highest common factor of 1327471 and 5427?
67
Calculate the highest common divisor of 1400455964 and 1076.
1076
Calculate the greatest common divisor of 1241299 and 1305119.
3191
Calculate the greatest common divisor of 1622 and 29058130.
1622
Calculate the highest common divisor of 124677810 and 570.
570
What is the highest common factor of 51 and 907968?
3
Calculate the highest common factor of 6 and 2110002.
6
Calculate the greatest common factor of 29007058 and 1958.
178
What is the greatest common divisor of 38752 and 6849136?
112
Calculate the highest common divisor of 338364 and 10623762.
4338
What is the highest common divisor of 86 and 100715116?
86
What is the greatest common factor of 1632 and 3514048?
32
What is the greatest common factor of 9 and 282135186?
9
Calculate the greatest common factor of 972125 and 215635.
3535
What is the highest common divisor of 328568 and 135608?
536
What is the greatest common factor of 95 and 5333243?
19
What is the highest common factor of 99400 and 82397630?
4970
What is the highest common factor of 15247495 and 1143295?
10685
What is the greatest common factor of 103282435 and 1145?
1145
Calculate the highest common divisor of 338355 and 105060.
1545
What is the highest common divisor of 611 and 356777?
47
Calculate the greatest common factor of 2873888 and 384.
32
What is the greatest common factor of 4226194 and 4150?
166
Calculate the highest common factor of 604326 and 752.
94
Calculate the highest common factor of 36611869 and 23219.
749
What is the greatest common divisor of 244950660 and 268?
268
What is the highest common divisor of 1039072 and 17233?
19
Calculate the highest common divisor of 4